22?
-148d
In base 7, what is 1533 - 155?
1345
In base 2, what is 1001000 + -1100100000?
-1011011000
In base 16, what is -1 - 41ee?
-41ef
In base 8, what is 173270 - -5?
173275
In base 6, what is 3 - 142040?
-142033
In base 15, what is -2 - 4360?
-4362
In base 12, what is 3 - 5652a?
-56527
In base 4, what is 2 - 1121223202?
-1121223200
In base 2, what is 1001111 + -1001110?
1
In base 4, what is 232311 - -1332?
300303
In base 2, what is 10110101111 - 101?
10110101010
In base 16, what is 627d5 - 1?
627d4
In base 11, what is 72 + 5a1?
663
In base 13, what is 89042 + -5?
8903a
In base 13, what is 2a8 - c5?
1b3
In base 14, what is 2 - 1a3d42?
-1a3d40
In base 13, what is 7c508 - 3?
7c505
In base 13, what is 3 + 5b43?
5b46
In base 2, what is -11110 - -1010101001?
1010001011
In base 15, what is -e2e + -100?
-102e
In base 13, what is -1a47 - 33?
-1a7a
In base 7, what is 2 - 10033?
-10031
In base 6, what is 2040041 + 1?
2040042
In base 11, what is -13 - 53a8?
-5410
In base 4, what is 210 + 122002?
122212
In base 12, what is 4 + -207336?
-207332
In base 9, what is 3 - -15225?
15228
In base 10, what is -2086 + -496?
-2582
In base 14, what is 14598 + -5?
14593
In base 16, what is 59 + -131?
-d8
In base 10, what is 86 - -1706?
1792
In base 6, what is -3552144 - 0?
-3552144
In base 3, what is 2022001101220 + 10?
2022001102000
In base 15, what is -b1bc + 4?
-b1b8
In base 8, what is -56 + 2041?
1763
In base 15, what is -de622 - -8?
-de619
In base 4, what is 30 - -3132233?
3132323
In base 12, what is 684977 + 3?
68497a
In base 7, what is 254666 - -1?
255000
In base 8, what is 10 + 2676?
2706
In base 15, what is 8a325 + -2?
8a323
In base 4, what is -2 - 3003221322?
-3003221330
In base 3, what is -10110 - -102202?
22022
In base 5, what is -102202041 + -11?
-102202102
In base 3, what is -12001000 - 1100?
-12002100
In base 5, what is 3123443 + 2?
3124000
In base 2, what is 110001000010101100 + -10?
110001000010101010
In base 2, what is 110011111001 - -100101?
110100011110
In base 11, what is -19055 + 2?
-19053
In base 4, what is 131013 - 300?
130113
In base 9, what is 72145 - -12?
72157
In base 10, what is -45825 - 2?
-45827
In base 6, what is 12320 - -34?
12354
In base 6, what is -12 - -100535?
100523
In base 6, what is -5025420 + 12?
-5025404
In base 12, what is 4 - -3a11aa?
3a11b2
In base 14, what is 47d9 - 16?
47c3
In base 14, what is -300 - 9?
-309
In base 16, what is 0 - 2c6d?
-2c6d
In base 6, what is -4 - -445334?
445330
In base 16, what is -2e - -536?
508
In base 14, what is 4 + 41ac?
41b2
In base 6, what is -11 - -14453?
14442
In base 4, what is -20 + 1132311102?
1132311022
In base 12, what is -6 - -14b14?
14b0a
In base 3, what is 201 - -22120?
100021
In base 8, what is 1 + -1303423?
-1303422
In base 14, what is -3753 + 2c?
-3725
In base 6, what is 31525352 - 5?
31525343
In base 6, what is 34504 - -53?
35001
In base 8, what is 0 + 33333?
33333
In base 16, what is -15 - -33f8?
33e3
In base 4, what is -1003211213 - -3?
-1003211210
In base 2, what is 1100101110011101 - -111010?
1100101111010111
In base 6, what is -101 + 43300?
43155
In base 10, what is 3 - -755?
758
In base 13, what is 15 - -a97b?
a993
In base 9, what is 0 - 1415056?
-1415056
In base 16, what is -222 + 4c?
-1d6
In base 5, what is 1001 + 33341?
34342
In base 11, what is 142235 - -2?
142237
In base 9, what is -52854 + -2?
-52856
In base 3, what is 22010022 + -112001?
21121021
In base 10, what is -56 + -648?
-704
In base 12, what is -11b + -219?
-338
In base 14, what is 21cd6 - -3?
21cd9
In base 14, what is 3446 + 4?
344a
In base 8, what is 0 - 1107734?
-1107734
In base 5, what is -13042 + 1032?
-12010
In base 14, what is bd45d - 1?
bd45c
In base 10, what is -280348 + -4?
-280352
In base 5, what is 20402 - 1131?
14221
In base 3, what is 12111121010 - 10?
12111121000
In base 6, what is 143515 + -3?
143512
In base 8, what is -5 + 300606?
300601
In base 9, what is 0 + 355550?
355550
In base 8, what is -40 - 54?
-114
In base 11, what is 37 + -543?
-507
In base 7, what is -4 + 33350?
33343
In base 7, what is 44 + 30115?
30162
In base 9, what is 3104128 + -2?
3104126
In base 16, what is -14416 + c?
-1440a
In base 8, what is -5 + -12217?
-12224
In base 3, what is -2222122 + 2122?
-2220000
In base 10, what is 1 - -171452?
171453
In base 8, what is -126664 + 3?
-126661
In base 3, what is -10000 + 222110?
212110
In base 3, what is -11 + 101022012?
101022001
In base 3, what is 2012 - 2102202?
-2100120
In base 2, what is 11100 + -10100011001?
-10011111101
In base 2, what is -11100010011010111 - -1?
-11100010011010110
In base 13, what is 8 + -637?
-62c
In base 7, what is -565 + -1425?
-2323
In base 11, what is 6 + 31790?
31796
In base 12, what is 81 - -491b?
49a0
In base 9, what is -152022 + -16?
-152038
In base 4, what is -23210 + 11133?
-12011
In base 2, what is -1111001001001101100 - 1?
-1111001001001101101
In base 7, what is -121 - 3130?
-3251
In base 13, what is 326 + 2?
328
In base 5, what is -33342002 + 1?
-33342001
In base 9, what is 805553 + -2?
805551
In base 10, what is 36 + 208?
244
In base 13, what is -67 - 1315?
-137c
In base 12, what is 14704 + 1?
14705
In base 4, what is -1 - 13320332?
-13320333
In base 12, what is 4a59 - 5?
4a54
In base 14, what is -130 - 4b7?
-607
In base 4, what is -3303303233 - 10?
-3303303303
In base 8, what is -47454 - 10?
-47464
In base 14, what is -24ac - -25?
-2487
In base 5, what is -121 - 2010343?
-2011014
In base 2, what is -1000010110110 + 100?
-1000010110010
In base 7, what is -51 + 4653?
4602
In base 2, what is -10001111 + 110111?
-1011000
In base 10, what is 2618378 + 0?
2618378
In base 4, what is -10 - -100221130?
100221120
In base 6, what is 105 + 43554?
44103
In base 15, what is -8ce9 + -19?
-8d13
In base 6, what is -1 + 1011513?
1011512
In base 8, what is 43032542 + -2?
43032540
In base 5, what is -122441301 + -4?
-122441310
In base 2, what is -1100 - 100000001001101100?
-100000001001111000
In base 8, what is 22 - -110042?
110064
In base 9, what is -382 + -1875?
-2367
In base 11, what is -222 - a62?
-1184
In base 3, what is -202 + -20011221?
-20012200
In base 8, what is -4524 - -176?
-4326
In base 9, what is -1004 + 20?
-874
In base 9, what is 1 + -107458?
-107457
In base 16, what is 23c + -2?
23a
In base 2, what is 10 + 111110010101?
111110010111
In base 16, what is 7 + -47b5?
-47ae
In base 4, what is 1222112103 - -11?
1222112120
In base 7, what is -351442 - -4?
-351435
In base 8, what is 1424 - -120?
1544
In base 9, what is -132103 - 15?
-132118
In base 16, what is 8a - 25ee?
-2564
In base 12, what is -2 - -10661?
1065b
In base 14, what is -2 + 7404?
7402
In base 4, what is -11 - 13313313?
-13313330
In base 9, what is -333 - 6?
-340
In base 5, what is 3221 + 13?
3234
In base 2, what is -110101000 - 0?
-110101000
In base 7, what is 4 - -314020?
314024
In base 11, what is 31 + 28416?
28447
In base 10, what is 5 - 132177?
-132172
In base 5, what is 4043344 + 0?
4043344
In base 7, what is 0 + 1005314?
1005314
In base 16, what is 3 + -662d?
-662a
In base 11, what is -52 - -9440?
9399
In base 8, what is 0 - -7216?
7216
In base 5, what is -21242 + -14?
-21311
In base 3, what is -1212 + 20202?
11220
In base 7, what is 13 - 233122?
-233106
In base 2, what is -1010111010010 + -100010?
-1010111110100
In base 4, what is -3 - -1100010003?
1100010000
In base 8, what is 4 - 470541?
-470535
In base 5, what is 40440 + 30?
41020
In base 7, what is -11555 - 0?
-11555
In base 6, what is 13 - -211513?
211530
In base 10, what is -160 + -1231?
-1391
In base 2, what is -10010111101 - -1110110110?
-100000111
In base 14, what is 1 + 8ab1?
8ab2
In base 10, what is -19729 - 4?
-19733
In base 14, what is 15 - -776?
78b
In base 5, what is 41000 + -234?
40211
In base 10, what is 32 + -10080?
-10048
In base 10, what is -32 + -119940?
-119972
In base 12, what is 92b - 50?
89b
In base 12, what is -531 + 5b?
-492
In base 15, what is -427 - 173?
-59a
In base 8, what is -1 - 454053?
-454054
In base 4, what is -10302013 + -21?
-10302100
In base 5, what is -12314 - 121?
-12440
In base 7, what is 245 + 2006?
2254
In base 11, what is 16545 - 5?
16540
In base 3, what is -220 - 2202020?
-2210010
In base 10, what is 184 + 90?
274
In base 3, what is -1011001 - -101220?
-202011
In base 2, what i